CRAN Package Check Results for Package Biocomb

Last updated on 2019-06-18 01:48:29 CEST.

Flavor Version Tinstall Tcheck Ttotal Status Flags
r-devel-linux-x86_64-debian-clang 0.4 52.71 161.44 214.15 OK
r-devel-linux-x86_64-debian-gcc 0.4 44.06 126.95 171.01 OK
r-devel-linux-x86_64-fedora-clang 0.4 268.62 OK
r-devel-linux-x86_64-fedora-gcc 0.4 273.18 OK
r-devel-windows-ix86+x86_64 0.4 134.00 250.00 384.00 OK
r-patched-linux-x86_64 0.4 45.88 161.10 206.98 OK
r-release-linux-x86_64 0.4 48.82 162.91 211.73 OK
r-release-windows-ix86+x86_64 0.4 97.00 262.00 359.00 OK
r-release-osx-x86_64 0.4 WARN
r-oldrel-windows-ix86+x86_64 0.4 83.00 232.00 315.00 OK
r-oldrel-osx-x86_64 0.4 WARN

Check Details

Version: 0.4
Check: whether package can be installed
Result: WARN
    Found the following significant warnings:
     Warning: 'rgl_init' failed, running with rgl.useNULL = TRUE
Flavors: r-release-osx-x86_64, r-oldrel-osx-x86_64