Last updated on 2019-06-18 01:48:29 CEST.
Flavor | Version | Tinstall | Tcheck | Ttotal | Status | Flags |
---|---|---|---|---|---|---|
r-devel-linux-x86_64-debian-clang | 3.6 | 7.92 | 132.84 | 140.76 | NOTE | |
r-devel-linux-x86_64-debian-gcc | 3.6 | 7.28 | 103.70 | 110.98 | NOTE | |
r-devel-linux-x86_64-fedora-clang | 3.6 | 164.92 | NOTE | |||
r-devel-linux-x86_64-fedora-gcc | 3.6 | 168.96 | NOTE | |||
r-devel-windows-ix86+x86_64 | 3.6 | 23.00 | 229.00 | 252.00 | OK | |
r-patched-linux-x86_64 | 3.6 | 10.04 | 132.04 | 142.08 | OK | |
r-patched-solaris-x86 | 3.6 | 242.40 | OK | |||
r-release-linux-x86_64 | 3.6 | 9.51 | 132.64 | 142.15 | OK | |
r-release-windows-ix86+x86_64 | 3.6 | 19.00 | 190.00 | 209.00 | OK | |
r-release-osx-x86_64 | 3.6 | OK | ||||
r-oldrel-windows-ix86+x86_64 | 3.6 | 9.00 | 174.00 | 183.00 | OK | |
r-oldrel-osx-x86_64 | 3.6 | OK |
Version: 3.6
Check: for non-standard things in the check directory
Result: NOTE
Found the following files/directories:
'for_krona.txt' 'test.jplace'
Flavors: r-devel-linux-x86_64-debian-clang, r-devel-linux-x86_64-debian-gcc, r-devel-linux-x86_64-fedora-clang, r-devel-linux-x86_64-fedora-gcc