CRAN Package Check Results for Package CCTpack

Last updated on 2019-06-18 01:48:30 CEST.

Flavor Version Tinstall Tcheck Ttotal Status Flags
r-devel-linux-x86_64-debian-clang 1.5.2 15.83 62.49 78.32 NOTE
r-devel-linux-x86_64-debian-gcc 1.5.2 11.37 49.14 60.51 NOTE
r-devel-linux-x86_64-fedora-clang 1.5.2 93.78 NOTE
r-devel-linux-x86_64-fedora-gcc 1.5.2 93.97 NOTE
r-devel-windows-ix86+x86_64 1.5.2 28.00 70.00 98.00 OK
r-patched-linux-x86_64 1.5.2 15.54 64.01 79.55 OK
r-patched-solaris-x86 1.5.2 142.20 OK
r-release-linux-x86_64 1.5.2 15.28 65.03 80.31 OK
r-release-windows-ix86+x86_64 1.5.2 19.00 97.00 116.00 OK
r-release-osx-x86_64 1.5.2 OK
r-oldrel-windows-ix86+x86_64 1.5.2 11.00 100.00 111.00 OK
r-oldrel-osx-x86_64 1.5.2 OK

Check Details

Version: 1.5.2
Check: for non-standard things in the check directory
Result: NOTE
    Found the following files/directories:
     'hotcold.csv'
Flavors: r-devel-linux-x86_64-debian-clang, r-devel-linux-x86_64-debian-gcc, r-devel-linux-x86_64-fedora-clang, r-devel-linux-x86_64-fedora-gcc