Last updated on 2019-06-18 01:48:30 CEST.
Flavor | Version | Tinstall | Tcheck | Ttotal | Status | Flags |
---|---|---|---|---|---|---|
r-devel-linux-x86_64-debian-clang | 0.4 | 6.14 | 48.03 | 54.17 | OK | |
r-devel-linux-x86_64-debian-gcc | 0.4 | 6.26 | 38.11 | 44.37 | OK | |
r-devel-linux-x86_64-fedora-clang | 0.4 | 65.21 | OK | |||
r-devel-linux-x86_64-fedora-gcc | 0.4 | 62.70 | OK | |||
r-devel-windows-ix86+x86_64 | 0.4 | 26.00 | 66.00 | 92.00 | OK | |
r-patched-linux-x86_64 | 0.4 | 6.94 | 47.11 | 54.05 | OK | |
r-patched-solaris-x86 | 0.4 | 99.70 | OK | |||
r-release-linux-x86_64 | 0.4 | 6.53 | 47.70 | 54.23 | OK | |
r-release-windows-ix86+x86_64 | 0.4 | 14.00 | 66.00 | 80.00 | OK | |
r-release-osx-x86_64 | 0.4 | WARN | ||||
r-oldrel-windows-ix86+x86_64 | 0.4 | 13.00 | 90.00 | 103.00 | OK | |
r-oldrel-osx-x86_64 | 0.4 | OK |
Version: 0.4
Check: whether package can be installed
Result: WARN
Found the following significant warnings:
Warning: 'rgl_init' failed, running with rgl.useNULL = TRUE
Flavor: r-release-osx-x86_64