Last updated on 2019-06-18 01:48:32 CEST.
Flavor | Version | Tinstall | Tcheck | Ttotal | Status | Flags |
---|---|---|---|---|---|---|
r-devel-linux-x86_64-debian-clang | 2.60 | 6.27 | 72.26 | 78.53 | OK | |
r-devel-linux-x86_64-debian-gcc | 2.60 | 4.59 | 60.24 | 64.83 | OK | |
r-devel-linux-x86_64-fedora-clang | 2.60 | 91.97 | OK | |||
r-devel-linux-x86_64-fedora-gcc | 2.60 | 91.18 | OK | |||
r-devel-windows-ix86+x86_64 | 2.60 | 11.00 | 88.00 | 99.00 | OK | |
r-patched-linux-x86_64 | 2.60 | 4.59 | 71.91 | 76.50 | OK | |
r-patched-solaris-x86 | 2.60 | 237.10 | OK | |||
r-release-linux-x86_64 | 2.60 | 5.93 | 72.20 | 78.13 | OK | |
r-release-windows-ix86+x86_64 | 2.60 | 8.00 | 115.00 | 123.00 | OK | |
r-release-osx-x86_64 | 2.60 | NOTE | ||||
r-oldrel-windows-ix86+x86_64 | 2.60 | 6.00 | 155.00 | 161.00 | OK | |
r-oldrel-osx-x86_64 | 2.60 | OK |
Version: 2.60
Check: package dependencies
Result: NOTE
Package suggested but not available for checking: ‘qvalue’
Flavor: r-release-osx-x86_64