CRAN Package Check Results for Package DMMF

Last updated on 2019-06-18 01:48:33 CEST.

Flavor Version Tinstall Tcheck Ttotal Status Flags
r-devel-linux-x86_64-debian-clang 0.5.0.2 14.98 72.61 87.59 OK
r-devel-linux-x86_64-debian-gcc 0.5.0.2 12.97 58.23 71.20 OK
r-devel-linux-x86_64-fedora-clang 0.5.0.2 106.60 OK
r-devel-linux-x86_64-fedora-gcc 0.5.0.2 107.60 OK
r-devel-windows-ix86+x86_64 0.5.0.2 46.00 107.00 153.00 OK
r-patched-linux-x86_64 0.5.0.2 15.63 72.84 88.47 OK
r-patched-solaris-x86 0.5.0.2 4.00 ERROR
r-release-linux-x86_64 0.5.0.2 16.02 73.00 89.02 OK
r-release-windows-ix86+x86_64 0.5.0.2 33.00 144.00 177.00 OK
r-release-osx-x86_64 0.5.0.2 OK
r-oldrel-windows-ix86+x86_64 0.5.0.2 24.00 131.00 155.00 OK
r-oldrel-osx-x86_64 0.5.0.2 OK

Additional issues

LTO

Check Details

Version: 0.5.0.2
Check: whether package can be installed
Result: ERROR
    Installation failed.
Flavor: r-patched-solaris-x86