Last updated on 2019-06-18 01:48:34 CEST.
Flavor | Version | Tinstall | Tcheck | Ttotal | Status | Flags |
---|---|---|---|---|---|---|
r-devel-linux-x86_64-debian-clang | 1.0 | 11.02 | 309.79 | 320.81 | NOTE | |
r-devel-linux-x86_64-debian-gcc | 1.0 | 9.87 | 373.68 | 383.55 | NOTE | |
r-devel-linux-x86_64-fedora-clang | 1.0 | 276.98 | NOTE | |||
r-devel-linux-x86_64-fedora-gcc | 1.0 | 317.42 | NOTE | |||
r-devel-windows-ix86+x86_64 | 1.0 | 35.00 | 245.00 | 280.00 | NOTE | |
r-patched-linux-x86_64 | 1.0 | 9.43 | 375.15 | 384.58 | NOTE | |
r-patched-solaris-x86 | 1.0 | 4.30 | ERROR | |||
r-release-linux-x86_64 | 1.0 | 10.14 | 387.06 | 397.20 | NOTE | |
r-release-windows-ix86+x86_64 | 1.0 | 23.00 | 177.00 | 200.00 | NOTE | |
r-release-osx-x86_64 | 1.0 | NOTE | ||||
r-oldrel-windows-ix86+x86_64 | 1.0 | 14.00 | 237.00 | 251.00 | NOTE | |
r-oldrel-osx-x86_64 | 1.0 | NOTE |
Version: 1.0
Check: package dependencies
Result: NOTE
Package suggested but not available for checking: 'lightgbm'
Flavors: r-devel-linux-x86_64-debian-clang, r-devel-linux-x86_64-debian-gcc, r-devel-linux-x86_64-fedora-clang, r-devel-linux-x86_64-fedora-gcc, r-devel-windows-ix86+x86_64, r-patched-linux-x86_64, r-release-linux-x86_64, r-release-windows-ix86+x86_64, r-release-osx-x86_64, r-oldrel-windows-ix86+x86_64, r-oldrel-osx-x86_64
Version: 1.0
Check: dependencies in R code
Result: NOTE
Namespaces in Imports field not imported from:
‘MASS’ ‘Matrix’ ‘tidyr’
All declared Imports should be used.
Flavors: r-devel-linux-x86_64-fedora-clang, r-devel-linux-x86_64-fedora-gcc, r-release-osx-x86_64, r-oldrel-osx-x86_64
Version: 1.0
Check: package dependencies
Result: ERROR
Package required but not available: ‘xgboost’
Package suggested but not available for checking: ‘lightgbm’
See section ‘The DESCRIPTION file’ in the ‘Writing R Extensions’
manual.
Flavor: r-patched-solaris-x86