Last updated on 2019-06-18 01:48:34 CEST.
Flavor | Version | Tinstall | Tcheck | Ttotal | Status | Flags |
---|---|---|---|---|---|---|
r-devel-linux-x86_64-debian-clang | 1.0.1 | 13.15 | 99.53 | 112.68 | OK | |
r-devel-linux-x86_64-debian-gcc | 1.0.1 | 10.31 | 80.44 | 90.75 | OK | |
r-devel-linux-x86_64-fedora-clang | 1.0.1 | 139.89 | OK | |||
r-devel-linux-x86_64-fedora-gcc | 1.0.1 | 134.93 | OK | |||
r-devel-windows-ix86+x86_64 | 1.0.1 | 27.00 | 114.00 | 141.00 | OK | |
r-patched-linux-x86_64 | 1.0.1 | 13.69 | 100.55 | 114.24 | OK | |
r-patched-solaris-x86 | 1.0.1 | 208.00 | OK | |||
r-release-linux-x86_64 | 1.0.1 | 13.35 | 101.61 | 114.96 | OK | |
r-release-windows-ix86+x86_64 | 1.0.1 | 17.00 | 150.00 | 167.00 | OK | |
r-release-osx-x86_64 | 1.0.1 | FAIL | ||||
r-oldrel-windows-ix86+x86_64 | 1.0.1 | 13.00 | 147.00 | 160.00 | OK | |
r-oldrel-osx-x86_64 | 1.0.1 | OK |
Version: 1.0.1
Check: whether package can be installed
Result: FAIL
Flavor: r-release-osx-x86_64