Last updated on 2019-06-18 01:48:35 CEST.
Flavor | Version | Tinstall | Tcheck | Ttotal | Status | Flags |
---|---|---|---|---|---|---|
r-devel-linux-x86_64-debian-clang | 2.0.0 | 9.39 | 69.40 | 78.79 | OK | |
r-devel-linux-x86_64-debian-gcc | 2.0.0 | 6.95 | 54.21 | 61.16 | OK | |
r-devel-linux-x86_64-fedora-clang | 2.0.0 | 91.90 | NOTE | |||
r-devel-linux-x86_64-fedora-gcc | 2.0.0 | 86.47 | NOTE | |||
r-devel-windows-ix86+x86_64 | 2.0.0 | 23.00 | 83.00 | 106.00 | OK | |
r-patched-linux-x86_64 | 2.0.0 | 8.71 | 66.28 | 74.99 | OK | |
r-patched-solaris-x86 | 2.0.0 | 140.00 | NOTE | |||
r-release-linux-x86_64 | 2.0.0 | 8.53 | 66.65 | 75.18 | OK | |
r-release-windows-ix86+x86_64 | 2.0.0 | 17.00 | 108.00 | 125.00 | OK | |
r-release-osx-x86_64 | 2.0.0 | NOTE | ||||
r-oldrel-windows-ix86+x86_64 | 2.0.0 | 9.00 | 106.00 | 115.00 | OK | |
r-oldrel-osx-x86_64 | 2.0.0 | NOTE |
Version: 2.0.0
Check: dependencies in R code
Result: NOTE
Namespaces in Imports field not imported from:
‘devtools’ ‘msm’
All declared Imports should be used.
Flavors: r-devel-linux-x86_64-fedora-clang, r-devel-linux-x86_64-fedora-gcc, r-patched-solaris-x86, r-release-osx-x86_64, r-oldrel-osx-x86_64