Last updated on 2019-06-18 01:48:35 CEST.
Flavor | Version | Tinstall | Tcheck | Ttotal | Status | Flags |
---|---|---|---|---|---|---|
r-devel-linux-x86_64-debian-clang | 1.0.0 | 2.78 | 23.25 | 26.03 | OK | |
r-devel-linux-x86_64-debian-gcc | 1.0.0 | 2.07 | 18.93 | 21.00 | OK | |
r-devel-linux-x86_64-fedora-clang | 1.0.0 | 31.50 | NOTE | |||
r-devel-linux-x86_64-fedora-gcc | 1.0.0 | 29.83 | NOTE | |||
r-devel-windows-ix86+x86_64 | 1.0.0 | 7.00 | 35.00 | 42.00 | OK | |
r-patched-linux-x86_64 | 1.0.0 | 2.62 | 23.13 | 25.75 | OK | |
r-patched-solaris-x86 | 1.0.0 | 52.40 | NOTE | |||
r-release-linux-x86_64 | 1.0.0 | 2.59 | 23.00 | 25.59 | OK | |
r-release-windows-ix86+x86_64 | 1.0.0 | 5.00 | 48.00 | 53.00 | OK | |
r-release-osx-x86_64 | 1.0.0 | NOTE | ||||
r-oldrel-windows-ix86+x86_64 | 1.0.0 | 3.00 | 37.00 | 40.00 | OK | |
r-oldrel-osx-x86_64 | 1.0.0 | NOTE |
Version: 1.0.0
Check: dependencies in R code
Result: NOTE
Namespaces in Imports field not imported from:
‘doParallel’ ‘mlbench’ ‘parallel’
All declared Imports should be used.
Flavors: r-devel-linux-x86_64-fedora-clang, r-devel-linux-x86_64-fedora-gcc, r-patched-solaris-x86, r-release-osx-x86_64, r-oldrel-osx-x86_64