Last updated on 2019-06-18 01:48:34 CEST.
Flavor | Version | Tinstall | Tcheck | Ttotal | Status | Flags |
---|---|---|---|---|---|---|
r-devel-linux-x86_64-debian-clang | 1.5 | 4.50 | 35.08 | 39.58 | NOTE | |
r-devel-linux-x86_64-debian-gcc | 1.5 | 4.28 | 28.17 | 32.45 | NOTE | |
r-devel-linux-x86_64-fedora-clang | 1.5 | 48.46 | NOTE | |||
r-devel-linux-x86_64-fedora-gcc | 1.5 | 45.67 | NOTE | |||
r-devel-windows-ix86+x86_64 | 1.5 | 10.00 | 49.00 | 59.00 | OK | |
r-patched-linux-x86_64 | 1.5 | 4.86 | 35.76 | 40.62 | OK | |
r-patched-solaris-x86 | 1.5 | 72.10 | NOTE | |||
r-release-linux-x86_64 | 1.5 | 5.66 | 35.34 | 41.00 | OK | |
r-release-windows-ix86+x86_64 | 1.5 | 7.00 | 62.00 | 69.00 | OK | |
r-release-osx-x86_64 | 1.5 | NOTE | ||||
r-oldrel-windows-ix86+x86_64 | 1.5 | 5.00 | 61.00 | 66.00 | OK | |
r-oldrel-osx-x86_64 | 1.5 | NOTE |
Version: 1.5
Check: for non-standard things in the check directory
Result: NOTE
Found the following files/directories:
'Diversity indices.csv' 'Polar coordinates.csv'
Flavors: r-devel-linux-x86_64-debian-clang, r-devel-linux-x86_64-debian-gcc, r-devel-linux-x86_64-fedora-clang, r-devel-linux-x86_64-fedora-gcc
Version: 1.5
Check: dependencies in R code
Result: NOTE
Namespace in Imports field not imported from: ‘rgeos’
All declared Imports should be used.
Flavors: r-devel-linux-x86_64-fedora-clang, r-devel-linux-x86_64-fedora-gcc, r-patched-solaris-x86, r-release-osx-x86_64, r-oldrel-osx-x86_64