Last updated on 2019-06-18 01:48:35 CEST.
Flavor | Version | Tinstall | Tcheck | Ttotal | Status | Flags |
---|---|---|---|---|---|---|
r-devel-linux-x86_64-debian-clang | 0.1.3 | 20.26 | 18.79 | 39.05 | OK | |
r-devel-linux-x86_64-debian-gcc | 0.1.3 | 18.77 | 15.79 | 34.56 | OK | |
r-devel-linux-x86_64-fedora-clang | 0.1.3 | 55.90 | NOTE | |||
r-devel-linux-x86_64-fedora-gcc | 0.1.3 | 50.40 | OK | |||
r-devel-windows-ix86+x86_64 | 0.1.3 | 47.00 | 49.00 | 96.00 | OK | |
r-patched-linux-x86_64 | 0.1.3 | 21.56 | 19.32 | 40.88 | OK | |
r-patched-solaris-x86 | 0.1.3 | 55.00 | OK | |||
r-release-linux-x86_64 | 0.1.3 | 22.50 | 19.29 | 41.79 | OK | |
r-release-windows-ix86+x86_64 | 0.1.3 | 38.00 | 66.00 | 104.00 | OK | |
r-release-osx-x86_64 | 0.1.3 | NOTE | ||||
r-oldrel-windows-ix86+x86_64 | 0.1.3 | 29.00 | 63.00 | 92.00 | OK | |
r-oldrel-osx-x86_64 | 0.1.3 | NOTE |
Version: 0.1.3
Check: installed package size
Result: NOTE
installed size is 8.4Mb
sub-directories of 1Mb or more:
libs 8.3Mb
Flavors: r-devel-linux-x86_64-fedora-clang, r-release-osx-x86_64, r-oldrel-osx-x86_64