CRAN Package Check Results for Package ForestTools

Last updated on 2019-06-18 01:48:36 CEST.

Flavor Version Tinstall Tcheck Ttotal Status Flags
r-devel-linux-x86_64-debian-clang 0.2.0 3.43 91.39 94.82 OK
r-devel-linux-x86_64-debian-gcc 0.2.0 3.48 72.17 75.65 OK
r-devel-linux-x86_64-fedora-clang 0.2.0 110.74 NOTE
r-devel-linux-x86_64-fedora-gcc 0.2.0 107.52 NOTE
r-devel-windows-ix86+x86_64 0.2.0 10.00 139.00 149.00 OK
r-patched-linux-x86_64 0.2.0 4.69 90.52 95.21 OK
r-patched-solaris-x86 0.2.0 166.60 NOTE
r-release-linux-x86_64 0.2.0 3.80 91.80 95.60 OK
r-release-windows-ix86+x86_64 0.2.0 7.00 111.00 118.00 OK
r-release-osx-x86_64 0.2.0 NOTE
r-oldrel-windows-ix86+x86_64 0.2.0 6.00 132.00 138.00 OK
r-oldrel-osx-x86_64 0.2.0 NOTE

Check Details

Version: 0.2.0
Check: dependencies in R code
Result: NOTE
    Namespace in Imports field not imported from: ‘methods’
     All declared Imports should be used.
Flavors: r-devel-linux-x86_64-fedora-clang, r-devel-linux-x86_64-fedora-gcc, r-patched-solaris-x86, r-release-osx-x86_64, r-oldrel-osx-x86_64