Last updated on 2019-06-18 01:48:36 CEST.
Flavor | Version | Tinstall | Tcheck | Ttotal | Status | Flags |
---|---|---|---|---|---|---|
r-devel-linux-x86_64-debian-clang | 3.6-1 | 11.76 | 154.88 | 166.64 | OK | |
r-devel-linux-x86_64-debian-gcc | 3.6-1 | 11.62 | 114.02 | 125.64 | OK | |
r-devel-linux-x86_64-fedora-clang | 3.6-1 | 188.80 | NOTE | |||
r-devel-linux-x86_64-fedora-gcc | 3.6-1 | 194.62 | NOTE | |||
r-devel-windows-ix86+x86_64 | 3.6-1 | 55.00 | 502.00 | 557.00 | OK | |
r-patched-linux-x86_64 | 3.6-1 | 11.69 | 142.21 | 153.90 | OK | |
r-patched-solaris-x86 | 3.6-1 | 269.30 | NOTE | |||
r-release-linux-x86_64 | 3.6-1 | 12.70 | 151.47 | 164.17 | OK | |
r-release-windows-ix86+x86_64 | 3.6-1 | 32.00 | 379.00 | 411.00 | OK | |
r-release-osx-x86_64 | 3.6-1 | NOTE | ||||
r-oldrel-windows-ix86+x86_64 | 3.6-1 | 22.00 | 465.00 | 487.00 | OK | |
r-oldrel-osx-x86_64 | 3.6-1 | NOTE |
Version: 3.6-1
Check: data for non-ASCII characters
Result: NOTE
Note: found 19 marked UTF-8 strings
Flavors: r-devel-linux-x86_64-fedora-clang, r-devel-linux-x86_64-fedora-gcc, r-patched-solaris-x86, r-release-osx-x86_64, r-oldrel-osx-x86_64