CRAN Package Check Results for Package GMMBoost

Last updated on 2019-06-18 01:48:37 CEST.

Flavor Version Tinstall Tcheck Ttotal Status Flags
r-devel-linux-x86_64-debian-clang 1.1.2 13.57 80.37 93.94 NOTE
r-devel-linux-x86_64-debian-gcc 1.1.2 12.13 62.64 74.77 NOTE
r-devel-linux-x86_64-fedora-clang 1.1.2 111.20 NOTE
r-devel-linux-x86_64-fedora-gcc 1.1.2 107.22 NOTE
r-devel-windows-ix86+x86_64 1.1.2 23.00 84.00 107.00 NOTE
r-patched-linux-x86_64 1.1.2 14.44 80.70 95.14 NOTE
r-patched-solaris-x86 1.1.2 168.90 NOTE
r-release-linux-x86_64 1.1.2 14.02 80.46 94.48 NOTE
r-release-windows-ix86+x86_64 1.1.2 19.00 111.00 130.00 NOTE
r-release-osx-x86_64 1.1.2 NOTE
r-oldrel-windows-ix86+x86_64 1.1.2 15.00 104.00 119.00 NOTE
r-oldrel-osx-x86_64 1.1.2 NOTE

Check Details

Version: 1.1.2
Check: DESCRIPTION meta-information
Result: NOTE
    Malformed Description field: should contain one or more complete sentences.
Flavors: r-devel-linux-x86_64-debian-clang, r-devel-linux-x86_64-debian-gcc, r-devel-linux-x86_64-fedora-clang, r-devel-linux-x86_64-fedora-gcc, r-devel-windows-ix86+x86_64, r-patched-linux-x86_64, r-patched-solaris-x86, r-release-linux-x86_64, r-release-windows-ix86+x86_64, r-release-osx-x86_64, r-oldrel-windows-ix86+x86_64, r-oldrel-osx-x86_64

Version: 1.1.2
Check: R code for possible problems
Result: NOTE
    plot.bGAMM: no visible global function definition for 'par'
    plot.bGAMM: no visible global function definition for 'plot'
    plot.bGAMM: no visible global function definition for 'lines'
    plot.bGAMM: no visible global function definition for 'rug'
    Undefined global functions or variables:
     lines par plot rug
    Consider adding
     importFrom("graphics", "lines", "par", "plot", "rug")
    to your NAMESPACE file.
Flavors: r-devel-linux-x86_64-debian-clang, r-devel-linux-x86_64-debian-gcc, r-devel-linux-x86_64-fedora-clang, r-devel-linux-x86_64-fedora-gcc, r-devel-windows-ix86+x86_64, r-patched-linux-x86_64, r-patched-solaris-x86, r-release-linux-x86_64, r-release-windows-ix86+x86_64, r-release-osx-x86_64, r-oldrel-windows-ix86+x86_64, r-oldrel-osx-x86_64