CRAN Package Check Results for Package GrammR

Last updated on 2019-06-18 01:48:38 CEST.

Flavor Version Tinstall Tcheck Ttotal Status Flags
r-devel-linux-x86_64-debian-clang 1.1.0 13.13 104.76 117.89 NOTE
r-devel-linux-x86_64-debian-gcc 1.1.0 12.67 83.74 96.41 NOTE
r-devel-linux-x86_64-fedora-clang 1.1.0 143.12 NOTE
r-devel-linux-x86_64-fedora-gcc 1.1.0 140.02 NOTE
r-devel-windows-ix86+x86_64 1.1.0 39.00 167.00 206.00 OK
r-patched-linux-x86_64 1.1.0 12.84 104.03 116.87 OK
r-patched-solaris-x86 1.1.0 228.30 OK
r-release-linux-x86_64 1.1.0 12.43 105.93 118.36 OK
r-release-windows-ix86+x86_64 1.1.0 29.00 228.00 257.00 OK
r-release-osx-x86_64 1.1.0 OK
r-oldrel-windows-ix86+x86_64 1.1.0 17.00 212.00 229.00 OK
r-oldrel-osx-x86_64 1.1.0 OK

Check Details

Version: 1.1.0
Check: for non-standard things in the check directory
Result: NOTE
    Found the following files/directories:
     'Data_Kendall's tau-distance'
Flavors: r-devel-linux-x86_64-debian-clang, r-devel-linux-x86_64-debian-gcc, r-devel-linux-x86_64-fedora-clang, r-devel-linux-x86_64-fedora-gcc

Version: 1.1.0
Check: compiled code
Result: NOTE
    File ‘GrammR/libs/GrammR.so’:
     Found no calls to: ‘R_registerRoutines’, ‘R_useDynamicSymbols’
    
    It is good practice to register native routines and to disable symbol
    search.
    
    See ‘Writing portable packages’ in the ‘Writing R Extensions’ manual.
Flavors: r-devel-linux-x86_64-fedora-clang, r-devel-linux-x86_64-fedora-gcc