CRAN Package Check Results for Package HRM

Last updated on 2019-06-18 01:48:39 CEST.

Flavor Version Tinstall Tcheck Ttotal Status Flags
r-devel-linux-x86_64-debian-clang 1.0.2 31.50 205.15 236.65 NOTE
r-devel-linux-x86_64-debian-gcc 1.0.2 25.09 199.21 224.30 NOTE
r-devel-linux-x86_64-fedora-clang 1.0.2 261.89 NOTE
r-devel-linux-x86_64-fedora-gcc 1.0.2 244.58 NOTE
r-devel-windows-ix86+x86_64 1.0.2 84.00 562.00 646.00 OK
r-patched-linux-x86_64 1.0.2 26.43 196.27 222.70 NOTE
r-patched-solaris-x86 1.0.2 358.10 NOTE
r-release-linux-x86_64 1.0.2 31.74 197.20 228.94 NOTE
r-release-windows-ix86+x86_64 1.0.2 57.00 624.00 681.00 OK
r-release-osx-x86_64 1.0.2 NOTE
r-oldrel-windows-ix86+x86_64 1.0.2 50.00 599.00 649.00 OK
r-oldrel-osx-x86_64 1.0.2 NOTE

Check Details

Version: 1.0.2
Check: package dependencies
Result: NOTE
    Package suggested but not available for checking: 'RGtk2Extras'
Flavors: r-devel-linux-x86_64-debian-clang, r-devel-linux-x86_64-debian-gcc, r-devel-linux-x86_64-fedora-clang, r-devel-linux-x86_64-fedora-gcc, r-patched-linux-x86_64, r-patched-solaris-x86, r-release-linux-x86_64

Version: 1.0.2
Check: package dependencies
Result: NOTE
    Packages suggested but not available for checking:
     'RGtk2', 'cairoDevice', 'RGtk2Extras'
Flavor: r-release-osx-x86_64

Version: 1.0.2
Check: package dependencies
Result: NOTE
    Packages suggested but not available for checking:
     ‘RGtk2’ ‘cairoDevice’ ‘RGtk2Extras’
Flavor: r-oldrel-osx-x86_64