Last updated on 2019-06-18 01:48:40 CEST.
Flavor | Version | Tinstall | Tcheck | Ttotal | Status | Flags |
---|---|---|---|---|---|---|
r-devel-linux-x86_64-debian-clang | 1.0.0 | 7.60 | 318.33 | 325.93 | OK | |
r-devel-linux-x86_64-debian-gcc | 1.0.0 | 5.65 | 242.52 | 248.17 | OK | |
r-devel-linux-x86_64-fedora-clang | 1.0.0 | 390.42 | NOTE | |||
r-devel-linux-x86_64-fedora-gcc | 1.0.0 | 385.68 | NOTE | |||
r-devel-windows-ix86+x86_64 | 1.0.0 | 20.00 | 446.00 | 466.00 | OK | |
r-patched-linux-x86_64 | 1.0.0 | 7.04 | 312.65 | 319.69 | OK | |
r-patched-solaris-x86 | 1.0.0 | 952.80 | NOTE | |||
r-release-linux-x86_64 | 1.0.0 | 7.60 | 326.63 | 334.23 | OK | |
r-release-windows-ix86+x86_64 | 1.0.0 | 14.00 | 371.00 | 385.00 | OK | |
r-release-osx-x86_64 | 1.0.0 | NOTE | ||||
r-oldrel-windows-ix86+x86_64 | 1.0.0 | 7.00 | 458.00 | 465.00 | OK | |
r-oldrel-osx-x86_64 | 1.0.0 | NOTE |
Version: 1.0.0
Check: dependencies in R code
Result: NOTE
Namespaces in Imports field not imported from:
‘lme4’ ‘reshape2’
All declared Imports should be used.
Flavors: r-devel-linux-x86_64-fedora-clang, r-devel-linux-x86_64-fedora-gcc, r-patched-solaris-x86, r-release-osx-x86_64, r-oldrel-osx-x86_64