CRAN Package Check Results for Package ImaginR

Last updated on 2019-06-18 01:48:39 CEST.

Flavor Version Tinstall Tcheck Ttotal Status Flags
r-devel-linux-x86_64-debian-clang 0.1.7 2.88 29.88 32.76 OK
r-devel-linux-x86_64-debian-gcc 0.1.7 2.51 24.33 26.84 OK
r-devel-linux-x86_64-fedora-clang 0.1.7 39.62 NOTE
r-devel-linux-x86_64-fedora-gcc 0.1.7 38.38 NOTE
r-devel-windows-ix86+x86_64 0.1.7 11.00 49.00 60.00 OK
r-patched-linux-x86_64 0.1.7 3.14 29.96 33.10 OK
r-patched-solaris-x86 0.1.7 83.50 NOTE
r-release-linux-x86_64 0.1.7 2.93 29.97 32.90 OK
r-release-windows-ix86+x86_64 0.1.7 8.00 67.00 75.00 OK
r-release-osx-x86_64 0.1.7 NOTE
r-oldrel-windows-ix86+x86_64 0.1.7 4.00 63.00 67.00 OK
r-oldrel-osx-x86_64 0.1.7 NOTE

Check Details

Version: 0.1.7
Check: dependencies in R code
Result: NOTE
    Namespace in Imports field not imported from: ‘jpeg’
     All declared Imports should be used.
Flavors: r-devel-linux-x86_64-fedora-clang, r-devel-linux-x86_64-fedora-gcc, r-patched-solaris-x86, r-release-osx-x86_64, r-oldrel-osx-x86_64