CRAN Package Check Results for Package IsoriX

Last updated on 2019-06-18 01:48:40 CEST.

Flavor Version Tinstall Tcheck Ttotal Status Flags
r-devel-linux-x86_64-debian-clang 0.8.1 15.91 125.73 141.64 OK
r-devel-linux-x86_64-debian-gcc 0.8.1 13.06 100.03 113.09 OK
r-devel-linux-x86_64-fedora-clang 0.8.1 167.26 OK
r-devel-linux-x86_64-fedora-gcc 0.8.1 162.76 OK
r-devel-windows-ix86+x86_64 0.8.1 36.00 138.00 174.00 OK
r-patched-linux-x86_64 0.8.1 15.81 126.91 142.72 OK
r-patched-solaris-x86 0.8.1 256.70 OK
r-release-linux-x86_64 0.8.1 15.54 125.84 141.38 OK
r-release-windows-ix86+x86_64 0.8.1 27.00 184.00 211.00 OK
r-release-osx-x86_64 0.8.1 FAIL
r-oldrel-windows-ix86+x86_64 0.8.1 16.00 180.00 196.00 OK
r-oldrel-osx-x86_64 0.8.1 OK

Check Details

Version: 0.8.1
Check: dependencies in R code
Result: FAIL
    
Flavor: r-release-osx-x86_64