Last updated on 2019-06-18 01:48:42 CEST.
Flavor | Version | Tinstall | Tcheck | Ttotal | Status | Flags |
---|---|---|---|---|---|---|
r-devel-linux-x86_64-debian-clang | 0.6 | 6.92 | 41.39 | 48.31 | OK | |
r-devel-linux-x86_64-debian-gcc | 0.6 | 4.70 | 33.62 | 38.32 | OK | |
r-devel-linux-x86_64-fedora-clang | 0.6 | 56.58 | OK | |||
r-devel-linux-x86_64-fedora-gcc | 0.6 | 55.69 | OK | |||
r-devel-windows-ix86+x86_64 | 0.6 | 18.00 | 58.00 | 76.00 | OK | |
r-patched-linux-x86_64 | 0.6 | 7.32 | 41.41 | 48.73 | OK | |
r-patched-solaris-x86 | 0.6 | 85.40 | OK | |||
r-release-linux-x86_64 | 0.6 | 6.11 | 41.37 | 47.48 | OK | |
r-release-windows-ix86+x86_64 | 0.6 | 13.00 | 85.00 | 98.00 | OK | |
r-release-osx-x86_64 | 0.6 | WARN | ||||
r-oldrel-windows-ix86+x86_64 | 0.6 | 8.00 | 83.00 | 91.00 | OK | |
r-oldrel-osx-x86_64 | 0.6 | OK |
Version: 0.6
Check: whether package can be installed
Result: WARN
Found the following significant warnings:
Warning: 'rgl_init' failed, running with rgl.useNULL = TRUE
Flavor: r-release-osx-x86_64