Last updated on 2019-06-18 01:48:41 CEST.
Flavor | Version | Tinstall | Tcheck | Ttotal | Status | Flags |
---|---|---|---|---|---|---|
r-devel-linux-x86_64-debian-clang | 1.0.0 | 4.11 | 27.48 | 31.59 | OK | |
r-devel-linux-x86_64-debian-gcc | 1.0.0 | 2.76 | 21.57 | 24.33 | OK | |
r-devel-linux-x86_64-fedora-clang | 1.0.0 | 38.32 | OK | |||
r-devel-linux-x86_64-fedora-gcc | 1.0.0 | 36.56 | OK | |||
r-devel-windows-ix86+x86_64 | 1.0.0 | 12.00 | 60.00 | 72.00 | OK | |
r-patched-linux-x86_64 | 1.0.0 | 4.00 | 27.27 | 31.27 | OK | |
r-patched-solaris-x86 | 1.0.0 | 55.10 | OK | |||
r-release-linux-x86_64 | 1.0.0 | 3.81 | 27.24 | 31.05 | OK | |
r-release-windows-ix86+x86_64 | 1.0.0 | 8.00 | 53.00 | 61.00 | OK | |
r-release-osx-x86_64 | 1.0.0 | FAIL | ||||
r-oldrel-windows-ix86+x86_64 | 1.0.0 | 6.00 | 50.00 | 56.00 | OK | |
r-oldrel-osx-x86_64 | 1.0.0 | OK |
Version: 1.0.0
Check: dependencies in R code
Result: FAIL
Flavor: r-release-osx-x86_64