Last updated on 2019-06-18 01:48:41 CEST.
Flavor | Version | Tinstall | Tcheck | Ttotal | Status | Flags |
---|---|---|---|---|---|---|
r-devel-linux-x86_64-debian-clang | 0.2.2 | 9.71 | 152.15 | 161.86 | NOTE | |
r-devel-linux-x86_64-debian-gcc | 0.2.2 | 9.23 | 115.18 | 124.41 | NOTE | |
r-devel-linux-x86_64-fedora-clang | 0.2.2 | 198.56 | NOTE | |||
r-devel-linux-x86_64-fedora-gcc | 0.2.2 | 190.21 | NOTE | |||
r-devel-windows-ix86+x86_64 | 0.2.2 | 31.00 | 235.00 | 266.00 | OK | |
r-patched-linux-x86_64 | 0.2.2 | 10.77 | 149.38 | 160.15 | OK | |
r-patched-solaris-x86 | 0.2.2 | 490.40 | OK | |||
r-release-linux-x86_64 | 0.2.2 | 10.86 | 148.14 | 159.00 | OK | |
r-release-windows-ix86+x86_64 | 0.2.2 | 24.00 | 175.00 | 199.00 | OK | |
r-release-osx-x86_64 | 0.2.2 | OK | ||||
r-oldrel-windows-ix86+x86_64 | 0.2.2 | 12.00 | 243.00 | 255.00 | OK | |
r-oldrel-osx-x86_64 | 0.2.2 | OK |
Version: 0.2.2
Check: for non-standard things in the check directory
Result: NOTE
Found the following files/directories:
'sample.TXT'
Flavors: r-devel-linux-x86_64-debian-clang, r-devel-linux-x86_64-debian-gcc, r-devel-linux-x86_64-fedora-clang, r-devel-linux-x86_64-fedora-gcc