Last updated on 2019-06-18 01:48:42 CEST.
Flavor | Version | Tinstall | Tcheck | Ttotal | Status | Flags |
---|---|---|---|---|---|---|
r-devel-linux-x86_64-debian-clang | 0.3.2 | 9.22 | 77.33 | 86.55 | OK | |
r-devel-linux-x86_64-debian-gcc | 0.3.2 | 8.04 | 62.59 | 70.63 | OK | |
r-devel-linux-x86_64-fedora-clang | 0.3.2 | 105.86 | OK | |||
r-devel-linux-x86_64-fedora-gcc | 0.3.2 | 101.75 | OK | |||
r-devel-windows-ix86+x86_64 | 0.3.2 | 26.00 | 388.00 | 414.00 | OK | |
r-patched-linux-x86_64 | 0.3.2 | 8.04 | 77.51 | 85.55 | OK | |
r-patched-solaris-x86 | 0.3.2 | 498.60 | OK | |||
r-release-linux-x86_64 | 0.3.2 | 8.87 | 77.82 | 86.69 | OK | |
r-release-windows-ix86+x86_64 | 0.3.2 | 17.00 | 289.00 | 306.00 | OK | |
r-release-osx-x86_64 | 0.3.2 | NOTE | ||||
r-oldrel-windows-ix86+x86_64 | 0.3.2 | 12.00 | 405.00 | 417.00 | OK | |
r-oldrel-osx-x86_64 | 0.3.2 | NOTE |
Version: 0.3.2
Check: package dependencies
Result: NOTE
Package suggested but not available for checking: ‘RGtk2’
Flavors: r-release-osx-x86_64, r-oldrel-osx-x86_64