CRAN Package Check Results for Package MHTcop

Last updated on 2019-06-18 01:48:43 CEST.

Flavor Version Tinstall Tcheck Ttotal Status Flags
r-devel-linux-x86_64-debian-clang 0.1.1 2.01 38.18 40.19 OK
r-devel-linux-x86_64-debian-gcc 0.1.1 1.95 30.09 32.04 OK
r-devel-linux-x86_64-fedora-clang 0.1.1 48.68 NOTE
r-devel-linux-x86_64-fedora-gcc 0.1.1 46.60 NOTE
r-devel-windows-ix86+x86_64 0.1.1 8.00 73.00 81.00 OK
r-patched-linux-x86_64 0.1.1 1.92 37.79 39.71 OK
r-patched-solaris-x86 0.1.1 72.90 NOTE
r-release-linux-x86_64 0.1.1 2.18 37.90 40.08 OK
r-release-windows-ix86+x86_64 0.1.1 5.00 53.00 58.00 OK
r-release-osx-x86_64 0.1.1 NOTE
r-oldrel-windows-ix86+x86_64 0.1.1 3.00 68.00 71.00 OK
r-oldrel-osx-x86_64 0.1.1 NOTE

Check Details

Version: 0.1.1
Check: dependencies in R code
Result: NOTE
    Namespaces in Imports field not imported from:
     ‘MCMCpack’ ‘copula’
     All declared Imports should be used.
Flavors: r-devel-linux-x86_64-fedora-clang, r-devel-linux-x86_64-fedora-gcc, r-patched-solaris-x86, r-release-osx-x86_64, r-oldrel-osx-x86_64