Last updated on 2019-06-18 01:48:44 CEST.
Flavor | Version | Tinstall | Tcheck | Ttotal | Status | Flags |
---|---|---|---|---|---|---|
r-devel-linux-x86_64-debian-clang | 1.4 | 8.17 | 80.20 | 88.37 | OK | |
r-devel-linux-x86_64-debian-gcc | 1.4 | 7.17 | 60.95 | 68.12 | OK | |
r-devel-linux-x86_64-fedora-clang | 1.4 | 104.02 | OK | |||
r-devel-linux-x86_64-fedora-gcc | 1.4 | 99.56 | OK | |||
r-devel-windows-ix86+x86_64 | 1.4 | 26.00 | 135.00 | 161.00 | OK | |
r-patched-linux-x86_64 | 1.4 | 7.53 | 78.20 | 85.73 | OK | |
r-patched-solaris-x86 | 1.4 | 141.20 | OK | |||
r-release-linux-x86_64 | 1.4 | 9.01 | 77.31 | 86.32 | OK | |
r-release-windows-ix86+x86_64 | 1.4 | 15.00 | 99.00 | 114.00 | OK | |
r-release-osx-x86_64 | 1.4 | ERROR | ||||
r-oldrel-windows-ix86+x86_64 | 1.4 | 9.00 | 130.00 | 139.00 | OK | |
r-oldrel-osx-x86_64 | 1.4 | OK |
Version: 1.4
Check: package dependencies
Result: ERROR
Package required but not available: ‘limma’
See section ‘The DESCRIPTION file’ in the ‘Writing R Extensions’
manual.
Flavor: r-release-osx-x86_64