Last updated on 2019-06-18 01:48:44 CEST.
Flavor | Version | Tinstall | Tcheck | Ttotal | Status | Flags |
---|---|---|---|---|---|---|
r-devel-linux-x86_64-debian-clang | 1.1.5 | 65.23 | 59.80 | 125.03 | OK | |
r-devel-linux-x86_64-debian-gcc | 1.1.5 | 61.52 | 50.58 | 112.10 | OK | |
r-devel-linux-x86_64-fedora-clang | 1.1.5 | 177.56 | NOTE | |||
r-devel-linux-x86_64-fedora-gcc | 1.1.5 | 165.75 | OK | |||
r-devel-windows-ix86+x86_64 | 1.1.5 | 129.00 | 105.00 | 234.00 | OK | |
r-patched-linux-x86_64 | 1.1.5 | 70.45 | 62.73 | 133.18 | OK | |
r-patched-solaris-x86 | 1.1.5 | 198.90 | OK | |||
r-release-linux-x86_64 | 1.1.5 | 66.44 | 62.38 | 128.82 | OK | |
r-release-windows-ix86+x86_64 | 1.1.5 | 96.00 | 135.00 | 231.00 | OK | |
r-release-osx-x86_64 | 1.1.5 | NOTE | ||||
r-oldrel-windows-ix86+x86_64 | 1.1.5 | 94.00 | 126.00 | 220.00 | OK | |
r-oldrel-osx-x86_64 | 1.1.5 | NOTE |
Version: 1.1.5
Check: installed package size
Result: NOTE
installed size is 19.7Mb
sub-directories of 1Mb or more:
libs 19.0Mb
Flavors: r-devel-linux-x86_64-fedora-clang, r-release-osx-x86_64, r-oldrel-osx-x86_64