Last updated on 2019-06-18 01:48:43 CEST.
Flavor | Version | Tinstall | Tcheck | Ttotal | Status | Flags |
---|---|---|---|---|---|---|
r-devel-linux-x86_64-debian-clang | 0.1.2 | 2.41 | 43.09 | 45.50 | OK | |
r-devel-linux-x86_64-debian-gcc | 0.1.2 | 2.04 | 33.26 | 35.30 | OK | |
r-devel-linux-x86_64-fedora-clang | 0.1.2 | 54.75 | OK | |||
r-devel-linux-x86_64-fedora-gcc | 0.1.2 | 51.63 | OK | |||
r-devel-windows-ix86+x86_64 | 0.1.2 | 10.00 | 60.00 | 70.00 | OK | |
r-patched-linux-x86_64 | 0.1.2 | 2.40 | 42.37 | 44.77 | OK | |
r-patched-solaris-x86 | 0.1.2 | 79.20 | OK | |||
r-release-linux-x86_64 | 0.1.2 | 2.25 | 42.84 | 45.09 | OK | |
r-release-windows-ix86+x86_64 | 0.1.2 | 6.00 | 91.00 | 97.00 | OK | |
r-release-osx-x86_64 | 0.1.2 | ERROR | ||||
r-oldrel-windows-ix86+x86_64 | 0.1.2 | 3.00 | 85.00 | 88.00 | OK | |
r-oldrel-osx-x86_64 | 0.1.2 | OK |
Version: 0.1.2
Check: package dependencies
Result: ERROR
Packages required but not available:
'genefilter', 'limma', 'preprocessCore'
See section ‘The DESCRIPTION file’ in the ‘Writing R Extensions’
manual.
Flavor: r-release-osx-x86_64