Last updated on 2019-06-18 01:48:44 CEST.
Flavor | Version | Tinstall | Tcheck | Ttotal | Status | Flags |
---|---|---|---|---|---|---|
r-devel-linux-x86_64-debian-clang | 2.7 | 212.04 | 147.06 | 359.10 | NOTE | |
r-devel-linux-x86_64-debian-gcc | 2.7 | 168.84 | 118.11 | 286.95 | NOTE | |
r-devel-linux-x86_64-fedora-clang | 2.7 | 521.22 | NOTE | |||
r-devel-linux-x86_64-fedora-gcc | 2.7 | 474.37 | NOTE | |||
r-devel-windows-ix86+x86_64 | 2.7 | 532.00 | 268.00 | 800.00 | NOTE | |
r-patched-linux-x86_64 | 2.7 | 196.87 | 146.77 | 343.64 | OK | |
r-patched-solaris-x86 | 2.7 | 509.70 | OK | |||
r-release-linux-x86_64 | 2.7 | 203.85 | 148.38 | 352.23 | OK | |
r-release-windows-ix86+x86_64 | 2.7 | 413.00 | 360.00 | 773.00 | NOTE | |
r-release-osx-x86_64 | 2.7 | NOTE | ||||
r-oldrel-windows-ix86+x86_64 | 2.7 | 377.00 | 300.00 | 677.00 | NOTE | |
r-oldrel-osx-x86_64 | 2.7 | NOTE |
Version: 2.7
Check: for non-standard things in the check directory
Result: NOTE
Found the following files/directories:
'cube.ply' 'data.dat' 'dummyhead.lm.fcsv' 'gorf.dat' 'longnose'
'shortnose' 'shortnose.mesh.obj' 'shortnose.mesh.ply' 'shortnose.pts'
'warpmovie0000.png' 'warpmovie0001.png' 'warpmovie0002.png'
'warpmovie0003.png' 'warpmovie0004.png' 'warpmovie0005.png'
'warpmovie0006.png' 'warpmovie0007.png' 'warpmovie0008.png'
'warpmovie0009.png' 'warpmovie0010.png' 'warpmovie0011.png'
'warpmovie0012.png' 'warpmovie0013.png' 'warpmovie0014.png'
'warpmovie0015.png' 'warpmovie0016.png' 'warpmovie0017.png'
'warpmovie0018.png' 'warpmovie0019.png' 'warpmovie0020.png'
Flavors: r-devel-linux-x86_64-debian-clang, r-devel-linux-x86_64-debian-gcc, r-devel-linux-x86_64-fedora-clang, r-devel-linux-x86_64-fedora-gcc
Version: 2.7
Check: installed package size
Result: NOTE
installed size is 11.4Mb
sub-directories of 1Mb or more:
data 2.0Mb
libs 7.8Mb
Flavors: r-devel-linux-x86_64-fedora-clang, r-devel-windows-ix86+x86_64, r-release-windows-ix86+x86_64, r-release-osx-x86_64, r-oldrel-windows-ix86+x86_64, r-oldrel-osx-x86_64