Last updated on 2019-06-18 01:48:45 CEST.
Flavor | Version | Tinstall | Tcheck | Ttotal | Status | Flags |
---|---|---|---|---|---|---|
r-devel-linux-x86_64-debian-clang | 2.0.6 | 5.36 | 110.04 | 115.40 | OK | |
r-devel-linux-x86_64-debian-gcc | 2.0.6 | 5.00 | 96.30 | 101.30 | OK | |
r-devel-linux-x86_64-fedora-clang | 2.0.6 | 138.21 | NOTE | |||
r-devel-linux-x86_64-fedora-gcc | 2.0.6 | 137.39 | OK | |||
r-devel-windows-ix86+x86_64 | 2.0.6 | 15.00 | 181.00 | 196.00 | NOTE | |
r-patched-linux-x86_64 | 2.0.6 | 5.01 | 114.07 | 119.08 | OK | |
r-patched-solaris-x86 | 2.0.6 | 426.00 | NOTE | |||
r-release-linux-x86_64 | 2.0.6 | 5.67 | 108.36 | 114.03 | OK | |
r-release-windows-ix86+x86_64 | 2.0.6 | 11.00 | 161.00 | 172.00 | NOTE | |
r-release-osx-x86_64 | 2.0.6 | NOTE | ||||
r-oldrel-windows-ix86+x86_64 | 2.0.6 | 9.00 | 152.00 | 161.00 | NOTE | |
r-oldrel-osx-x86_64 | 2.0.6 | NOTE |
Version: 2.0.6
Check: installed package size
Result: NOTE
installed size is 8.6Mb
sub-directories of 1Mb or more:
data 4.3Mb
reports 2.3Mb
Flavors: r-devel-linux-x86_64-fedora-clang, r-devel-windows-ix86+x86_64, r-patched-solaris-x86, r-release-windows-ix86+x86_64, r-release-osx-x86_64, r-oldrel-windows-ix86+x86_64, r-oldrel-osx-x86_64