Last updated on 2019-06-18 01:48:45 CEST.
Flavor | Version | Tinstall | Tcheck | Ttotal | Status | Flags |
---|---|---|---|---|---|---|
r-devel-linux-x86_64-debian-clang | 0.25 | 12.59 | 169.50 | 182.09 | OK | |
r-devel-linux-x86_64-debian-gcc | 0.25 | 10.94 | 129.07 | 140.01 | OK | |
r-devel-linux-x86_64-fedora-clang | 0.25 | 208.62 | NOTE | |||
r-devel-linux-x86_64-fedora-gcc | 0.25 | 203.23 | NOTE | |||
r-devel-windows-ix86+x86_64 | 0.25 | 32.00 | 273.00 | 305.00 | NOTE | |
r-patched-linux-x86_64 | 0.25 | 13.53 | 165.59 | 179.12 | OK | |
r-patched-solaris-x86 | 0.25 | 196.20 | WARN | |||
r-release-linux-x86_64 | 0.25 | 10.61 | 168.96 | 179.57 | OK | |
r-release-windows-ix86+x86_64 | 0.25 | 23.00 | 247.00 | 270.00 | NOTE | |
r-release-osx-x86_64 | 0.25 | ERROR | ||||
r-oldrel-windows-ix86+x86_64 | 0.25 | 15.00 | 365.00 | 380.00 | NOTE | |
r-oldrel-osx-x86_64 | 0.25 | WARN |
Version: 0.25
Check: installed package size
Result: NOTE
installed size is 9.3Mb
sub-directories of 1Mb or more:
doc 8.6Mb
Flavors: r-devel-linux-x86_64-fedora-clang, r-devel-windows-ix86+x86_64, r-patched-solaris-x86, r-release-windows-ix86+x86_64, r-oldrel-windows-ix86+x86_64, r-oldrel-osx-x86_64
Version: 0.25
Check: dependencies in R code
Result: NOTE
Namespace in Imports field not imported from: ‘knitr’
All declared Imports should be used.
Flavors: r-devel-linux-x86_64-fedora-clang, r-devel-linux-x86_64-fedora-gcc, r-patched-solaris-x86, r-oldrel-osx-x86_64
Version: 0.25
Check: re-building of vignette outputs
Result: WARN
Error(s) in re-building vignettes:
...
--- re-building ‘NormalizeMets_vignette.Rmd’ using rmarkdown
Warning in engine$weave(file, quiet = quiet, encoding = enc) :
Pandoc (>= 1.12.3) and/or pandoc-citeproc not available. Falling back to R Markdown v1.
Quitting from lines 192-194 (NormalizeMets_vignette.Rmd)
Error: processing vignette 'NormalizeMets_vignette.Rmd' failed with diagnostics:
Saving a widget with selfcontained = TRUE requires pandoc. For details see:
https://github.com/rstudio/rmarkdown/blob/master/PANDOC.md
--- failed re-building ‘NormalizeMets_vignette.Rmd’
SUMMARY: processing the following file failed:
‘NormalizeMets_vignette.Rmd’
Error: Vignette re-building failed.
Execution halted
Flavor: r-patched-solaris-x86
Version: 0.25
Check: package dependencies
Result: ERROR
Packages required but not available: 'impute', 'crmn', 'limma'
See section ‘The DESCRIPTION file’ in the ‘Writing R Extensions’
manual.
Flavor: r-release-osx-x86_64
Version: 0.25
Check: re-building of vignette outputs
Result: WARN
Error in re-building vignettes:
...
Warning in engine$weave(file, quiet = quiet, encoding = enc) :
Pandoc (>= 1.12.3) and/or pandoc-citeproc not available. Falling back to R Markdown v1.
Quitting from lines 192-194 (NormalizeMets_vignette.Rmd)
Error: processing vignette 'NormalizeMets_vignette.Rmd' failed with diagnostics:
Saving a widget with selfcontained = TRUE requires pandoc. For details see:
https://github.com/rstudio/rmarkdown/blob/master/PANDOC.md
Execution halted
Flavor: r-oldrel-osx-x86_64