CRAN Package Check Results for Package OpenMPController

Last updated on 2019-06-18 01:48:46 CEST.

Flavor Version Tinstall Tcheck Ttotal Status Flags
r-devel-linux-x86_64-debian-clang 0.2-5 1.88 15.54 17.42 OK
r-devel-linux-x86_64-debian-gcc 0.2-5 1.52 12.90 14.42 OK
r-devel-linux-x86_64-fedora-clang 0.2-5 21.99 OK
r-devel-linux-x86_64-fedora-gcc 0.2-5 20.63 OK
r-devel-windows-ix86+x86_64 0.2-5 7.00 34.00 41.00 OK
r-patched-linux-x86_64 0.2-5 1.77 15.62 17.39 NOTE
r-patched-solaris-x86 0.2-5 33.90 OK
r-release-linux-x86_64 0.2-5 1.77 15.65 17.42 NOTE
r-release-windows-ix86+x86_64 0.2-5 8.00 50.00 58.00 OK
r-release-osx-x86_64 0.2-5 OK
r-oldrel-windows-ix86+x86_64 0.2-5 5.00 31.00 36.00 OK
r-oldrel-osx-x86_64 0.2-5 OK

Check Details

Version: 0.2-5
Check: DESCRIPTION meta-information
Result: NOTE
    Dependence on R version ‘3.4.1’ not with patchlevel 0
Flavors: r-patched-linux-x86_64, r-release-linux-x86_64