CRAN Package Check Results for Package PGRdup

Last updated on 2019-06-18 01:48:47 CEST.

Flavor Version Tinstall Tcheck Ttotal Status Flags
r-devel-linux-x86_64-debian-clang 0.2.3.3 8.26 132.31 140.57 OK
r-devel-linux-x86_64-debian-gcc 0.2.3.3 6.26 163.72 169.98 WARN
r-devel-linux-x86_64-fedora-clang 0.2.3.3 143.49 OK
r-devel-linux-x86_64-fedora-gcc 0.2.3.3 136.20 WARN
r-devel-windows-ix86+x86_64 0.2.3.3 28.00 196.00 224.00 OK
r-patched-linux-x86_64 0.2.3.3 8.02 126.35 134.37 WARN
r-patched-solaris-x86 0.2.3.3 186.00 OK
r-release-linux-x86_64 0.2.3.3 7.15 138.90 146.05 WARN
r-release-windows-ix86+x86_64 0.2.3.3 19.00 146.00 165.00 OK
r-release-osx-x86_64 0.2.3.3 OK
r-oldrel-windows-ix86+x86_64 0.2.3.3 13.00 251.00 264.00 OK
r-oldrel-osx-x86_64 0.2.3.3 OK

Check Details

Version: 0.2.3.3
Check: whether package can be installed
Result: WARN
    Found the following significant warnings:
     fdouble_metaphone.c:268:5: warning: ‘strncpy’ specified bound depends on the length of the source argument [-Wstringop-overflow=]
Flavors: r-devel-linux-x86_64-debian-gcc, r-devel-linux-x86_64-fedora-gcc, r-patched-linux-x86_64, r-release-linux-x86_64