CRAN Package Check Results for Package PReMiuM

Last updated on 2019-06-18 01:48:48 CEST.

Flavor Version Tinstall Tcheck Ttotal Status Flags
r-devel-linux-x86_64-debian-clang 3.2.1 77.50 123.94 201.44 NOTE
r-devel-linux-x86_64-debian-gcc 3.2.1 63.67 97.63 161.30 NOTE
r-devel-linux-x86_64-fedora-clang 3.2.1 262.14 NOTE
r-devel-linux-x86_64-fedora-gcc 3.2.1 242.31 NOTE
r-devel-windows-ix86+x86_64 3.2.1 179.00 290.00 469.00 OK
r-patched-linux-x86_64 3.2.1 71.25 122.67 193.92 OK
r-patched-solaris-x86 3.2.1 335.70 OK
r-release-linux-x86_64 3.2.1 72.79 123.27 196.06 OK
r-release-windows-ix86+x86_64 3.2.1 143.00 218.00 361.00 OK
r-release-osx-x86_64 3.2.1 NOTE
r-oldrel-windows-ix86+x86_64 3.2.1 112.00 278.00 390.00 OK
r-oldrel-osx-x86_64 3.2.1 NOTE

Check Details

Version: 3.2.1
Check: for non-standard things in the check directory
Result: NOTE
    Found the following files/directories:
     'Neighbours.txt' 'output_Sigma.txt' 'output_alpha.txt'
     'output_alphaProp.txt' 'output_beta.txt' 'output_betaProp.txt'
     'output_entropy.txt' 'output_hyper.txt' 'output_input.txt'
     'output_log.txt' 'output_logPost.txt' 'output_margModPost.txt'
     'output_mu.txt' 'output_nClusters.txt' 'output_nMembers.txt'
     'output_nullPhi.txt' 'output_omega.txt' 'output_phi.txt'
     'output_psi.txt' 'output_rho.txt' 'output_rhoOmegaProp.txt'
     'output_theta.txt' 'output_thetaProp.txt' 'output_z.txt'
Flavors: r-devel-linux-x86_64-debian-clang, r-devel-linux-x86_64-debian-gcc, r-devel-linux-x86_64-fedora-clang, r-devel-linux-x86_64-fedora-gcc

Version: 3.2.1
Check: installed package size
Result: NOTE
     installed size is 13.4Mb
     sub-directories of 1Mb or more:
     libs 13.0Mb
Flavors: r-devel-linux-x86_64-fedora-clang, r-release-osx-x86_64, r-oldrel-osx-x86_64