Last updated on 2019-06-18 01:48:48 CEST.
Flavor | Version | Tinstall | Tcheck | Ttotal | Status | Flags |
---|---|---|---|---|---|---|
r-devel-linux-x86_64-debian-clang | 1.5.1 | 42.44 | 218.13 | 260.57 | NOTE | |
r-devel-linux-x86_64-debian-gcc | 1.5.1 | 30.72 | 168.83 | 199.55 | NOTE | |
r-devel-linux-x86_64-fedora-clang | 1.5.1 | 311.37 | OK | |||
r-devel-linux-x86_64-fedora-gcc | 1.5.1 | 303.15 | OK | |||
r-devel-windows-ix86+x86_64 | 1.5.1 | 70.00 | 270.00 | 340.00 | OK | |
r-patched-linux-x86_64 | 1.5.1 | 44.15 | 219.58 | 263.73 | NOTE | |
r-patched-solaris-x86 | 1.5.1 | 409.60 | NOTE | |||
r-release-linux-x86_64 | 1.5.1 | 44.68 | 218.64 | 263.32 | NOTE | |
r-release-windows-ix86+x86_64 | 1.5.1 | 46.00 | 213.00 | 259.00 | OK | |
r-release-osx-x86_64 | 1.5.1 | NOTE | ||||
r-oldrel-windows-ix86+x86_64 | 1.5.1 | 35.00 | 326.00 | 361.00 | OK | |
r-oldrel-osx-x86_64 | 1.5.1 | NOTE |
Version: 1.5.1
Check: package dependencies
Result: NOTE
Package suggested but not available for checking: 'INLA'
Flavors: r-devel-linux-x86_64-debian-clang, r-devel-linux-x86_64-debian-gcc, r-patched-linux-x86_64, r-patched-solaris-x86, r-release-linux-x86_64, r-release-osx-x86_64, r-oldrel-osx-x86_64