Last updated on 2019-06-18 01:48:49 CEST.
Flavor | Version | Tinstall | Tcheck | Ttotal | Status | Flags |
---|---|---|---|---|---|---|
r-devel-linux-x86_64-debian-clang | 1.0.0.0 | 7.24 | 58.68 | 65.92 | OK | |
r-devel-linux-x86_64-debian-gcc | 1.0.0.0 | 6.14 | 47.16 | 53.30 | OK | |
r-devel-linux-x86_64-fedora-clang | 1.0.0.0 | 79.56 | OK | |||
r-devel-linux-x86_64-fedora-gcc | 1.0.0.0 | 77.37 | OK | |||
r-devel-windows-ix86+x86_64 | 1.0.0.0 | 20.00 | 70.00 | 90.00 | OK | |
r-patched-linux-x86_64 | 1.0.0.0 | 7.17 | 60.16 | 67.33 | OK | |
r-patched-solaris-x86 | 1.0.0.0 | 125.00 | OK | |||
r-release-linux-x86_64 | 1.0.0.0 | 6.78 | 59.19 | 65.97 | OK | |
r-release-windows-ix86+x86_64 | 1.0.0.0 | 13.00 | 94.00 | 107.00 | OK | |
r-release-osx-x86_64 | 1.0.0.0 | FAIL | ||||
r-oldrel-windows-ix86+x86_64 | 1.0.0.0 | 7.00 | 92.00 | 99.00 | OK | |
r-oldrel-osx-x86_64 | 1.0.0.0 | OK |
Version: 1.0.0.0
Check: whether package can be installed
Result: FAIL
Flavor: r-release-osx-x86_64