CRAN Package Check Results for Package PublicationBias

Last updated on 2019-06-18 01:48:49 CEST.

Flavor Version Tinstall Tcheck Ttotal Status Flags
r-devel-linux-x86_64-debian-clang 1.0.0 8.22 69.53 77.75 OK
r-devel-linux-x86_64-debian-gcc 1.0.0 6.29 56.06 62.35 OK
r-devel-linux-x86_64-fedora-clang 1.0.0 92.45 NOTE
r-devel-linux-x86_64-fedora-gcc 1.0.0 88.97 NOTE
r-devel-windows-ix86+x86_64 1.0.0 24.00 80.00 104.00 OK
r-patched-linux-x86_64 1.0.0 8.46 69.57 78.03 OK
r-patched-solaris-x86 1.0.0 143.70 NOTE
r-release-linux-x86_64 1.0.0 7.58 69.87 77.45 OK
r-release-windows-ix86+x86_64 1.0.0 19.00 109.00 128.00 OK
r-release-osx-x86_64 1.0.0 NOTE
r-oldrel-windows-ix86+x86_64 1.0.0 9.00 125.00 134.00 OK
r-oldrel-osx-x86_64 1.0.0 NOTE

Check Details

Version: 1.0.0
Check: dependencies in R code
Result: NOTE
    Namespace in Imports field not imported from: ‘Rdpack’
     All declared Imports should be used.
Flavors: r-devel-linux-x86_64-fedora-clang, r-devel-linux-x86_64-fedora-gcc, r-patched-solaris-x86, r-release-osx-x86_64, r-oldrel-osx-x86_64