CRAN Package Check Results for Package RImageJROI

Last updated on 2019-06-18 01:48:51 CEST.

Flavor Version Tinstall Tcheck Ttotal Status Flags
r-devel-linux-x86_64-debian-clang 0.1.1 6.17 62.15 68.32 NOTE
r-devel-linux-x86_64-debian-gcc 0.1.1 5.96 50.91 56.87 NOTE
r-devel-linux-x86_64-fedora-clang 0.1.1 85.22 NOTE
r-devel-linux-x86_64-fedora-gcc 0.1.1 82.25 NOTE
r-devel-windows-ix86+x86_64 0.1.1 20.00 79.00 99.00 NOTE
r-patched-linux-x86_64 0.1.1 5.94 62.63 68.57 NOTE
r-patched-solaris-x86 0.1.1 137.60 NOTE
r-release-linux-x86_64 0.1.1 7.03 62.69 69.72 NOTE
r-release-windows-ix86+x86_64 0.1.1 14.00 100.00 114.00 NOTE
r-release-osx-x86_64 0.1.1 NOTE
r-oldrel-windows-ix86+x86_64 0.1.1 7.00 99.00 106.00 NOTE
r-oldrel-osx-x86_64 0.1.1 NOTE

Check Details

Version: 0.1.1
Check: R code for possible problems
Result: NOTE
    plot.ijzip: no visible global function definition for 'plot'
    plot.ijzip : <anonymous>: no visible global function definition for
     'plot'
    plot.ijzip: no visible global function definition for 'axis'
    read.ijzip: no visible global function definition for 'unzip'
    Undefined global functions or variables:
     axis plot unzip
    Consider adding
     importFrom("graphics", "axis", "plot")
     importFrom("utils", "unzip")
    to your NAMESPACE file.
Flavors: r-devel-linux-x86_64-debian-clang, r-devel-linux-x86_64-debian-gcc, r-devel-linux-x86_64-fedora-clang, r-devel-linux-x86_64-fedora-gcc, r-devel-windows-ix86+x86_64, r-patched-linux-x86_64, r-patched-solaris-x86, r-release-linux-x86_64, r-release-windows-ix86+x86_64, r-release-osx-x86_64, r-oldrel-windows-ix86+x86_64, r-oldrel-osx-x86_64