Last updated on 2019-06-18 01:48:52 CEST.
Flavor | Version | Tinstall | Tcheck | Ttotal | Status | Flags |
---|---|---|---|---|---|---|
r-devel-linux-x86_64-debian-clang | 0.2.0 | 114.50 | 70.19 | 184.69 | OK | |
r-devel-linux-x86_64-debian-gcc | 0.2.0 | 110.92 | 56.02 | 166.94 | OK | |
r-devel-linux-x86_64-fedora-clang | 0.2.0 | 267.79 | NOTE | |||
r-devel-linux-x86_64-fedora-gcc | 0.2.0 | 266.44 | NOTE | |||
r-devel-windows-ix86+x86_64 | 0.2.0 | 292.00 | 193.00 | 485.00 | OK | |
r-patched-linux-x86_64 | 0.2.0 | 125.88 | 70.74 | 196.62 | OK | |
r-patched-solaris-x86 | 0.2.0 | 285.60 | NOTE | |||
r-release-linux-x86_64 | 0.2.0 | 122.25 | 70.59 | 192.84 | OK | |
r-release-windows-ix86+x86_64 | 0.2.0 | 229.00 | 150.00 | 379.00 | OK | |
r-release-osx-x86_64 | 0.2.0 | NOTE | ||||
r-oldrel-windows-ix86+x86_64 | 0.2.0 | 210.00 | 186.00 | 396.00 | OK | |
r-oldrel-osx-x86_64 | 0.2.0 | NOTE |
Version: 0.2.0
Check: installed package size
Result: NOTE
installed size is 15.7Mb
sub-directories of 1Mb or more:
libs 15.2Mb
Flavors: r-devel-linux-x86_64-fedora-clang, r-release-osx-x86_64, r-oldrel-osx-x86_64
Version: 0.2.0
Check: dependencies in R code
Result: NOTE
Namespace in Imports field not imported from: ‘dplyr’
All declared Imports should be used.
Flavors: r-devel-linux-x86_64-fedora-clang, r-devel-linux-x86_64-fedora-gcc, r-patched-solaris-x86, r-release-osx-x86_64, r-oldrel-osx-x86_64