Last updated on 2019-06-18 01:48:52 CEST.
Flavor | Version | Tinstall | Tcheck | Ttotal | Status | Flags |
---|---|---|---|---|---|---|
r-devel-linux-x86_64-debian-clang | 1.1.1 | 113.98 | 34.00 | 147.98 | OK | |
r-devel-linux-x86_64-debian-gcc | 1.1.1 | 86.78 | 27.63 | 114.41 | OK | |
r-devel-linux-x86_64-fedora-clang | 1.1.1 | 250.34 | OK | |||
r-devel-linux-x86_64-fedora-gcc | 1.1.1 | 204.66 | OK | |||
r-devel-windows-ix86+x86_64 | 1.1.1 | 728.00 | 104.00 | 832.00 | NOTE | |
r-patched-linux-x86_64 | 1.1.1 | 104.22 | 34.39 | 138.61 | OK | |
r-patched-solaris-x86 | 1.1.1 | 3.80 | ERROR | |||
r-release-linux-x86_64 | 1.1.1 | 103.82 | 34.27 | 138.09 | OK | |
r-release-windows-ix86+x86_64 | 1.1.1 | 513.00 | 129.00 | 642.00 | NOTE | |
r-release-osx-x86_64 | 1.1.1 | OK | ||||
r-oldrel-windows-ix86+x86_64 | 1.1.1 | 484.00 | 123.00 | 607.00 | NOTE | |
r-oldrel-osx-x86_64 | 1.1.1 | OK |
Version: 1.1.1
Check: installed package size
Result: NOTE
installed size is 6.1Mb
sub-directories of 1Mb or more:
libs 5.8Mb
Flavors: r-devel-windows-ix86+x86_64, r-release-windows-ix86+x86_64, r-oldrel-windows-ix86+x86_64
Version: 1.1.1
Check: whether package can be installed
Result: ERROR
Installation failed.
Flavor: r-patched-solaris-x86