CRAN Package Check Results for Package RSQLite

Last updated on 2019-06-18 01:48:53 CEST.

Flavor Version Tinstall Tcheck Ttotal Status Flags
r-devel-linux-x86_64-debian-clang 2.1.1 209.32 48.33 257.65 OK
r-devel-linux-x86_64-debian-gcc 2.1.1 134.31 39.20 173.51 OK
r-devel-linux-x86_64-fedora-clang 2.1.1 403.52 NOTE
r-devel-linux-x86_64-fedora-gcc 2.1.1 298.11 NOTE
r-devel-windows-ix86+x86_64 2.1.1 499.00 141.00 640.00 OK
r-patched-linux-x86_64 2.1.1 158.82 48.93 207.75 OK
r-patched-solaris-x86 2.1.1 290.70 NOTE
r-release-linux-x86_64 2.1.1 153.89 49.55 203.44 OK
r-release-windows-ix86+x86_64 2.1.1 336.00 140.00 476.00 OK
r-release-osx-x86_64 2.1.1 NOTE
r-oldrel-windows-ix86+x86_64 2.1.1 317.00 140.00 457.00 OK
r-oldrel-osx-x86_64 2.1.1 NOTE

Check Details

Version: 2.1.1
Check: installed package size
Result: NOTE
     installed size is 12.3Mb
     sub-directories of 1Mb or more:
     libs 11.6Mb
Flavors: r-devel-linux-x86_64-fedora-clang, r-release-osx-x86_64, r-oldrel-osx-x86_64

Version: 2.1.1
Check: dependencies in R code
Result: NOTE
    Namespace in Imports field not imported from: ‘pkgconfig’
     All declared Imports should be used.
Flavors: r-devel-linux-x86_64-fedora-clang, r-devel-linux-x86_64-fedora-gcc, r-patched-solaris-x86, r-release-osx-x86_64, r-oldrel-osx-x86_64