CRAN Package Check Results for Package RStoolbox

Last updated on 2019-06-18 01:48:53 CEST.

Flavor Version Tinstall Tcheck Ttotal Status Flags
r-devel-linux-x86_64-debian-clang 0.2.4 115.14 347.54 462.68 OK
r-devel-linux-x86_64-debian-gcc 0.2.4 91.90 270.14 362.04 OK
r-devel-linux-x86_64-fedora-clang 0.2.4 588.26 NOTE
r-devel-linux-x86_64-fedora-gcc 0.2.4 547.89 OK
r-devel-windows-ix86+x86_64 0.2.4 306.00 598.00 904.00 OK
r-patched-linux-x86_64 0.2.4 106.99 346.94 453.93 OK
r-patched-solaris-x86 0.2.4 754.20 OK
r-release-linux-x86_64 0.2.4 104.55 339.20 443.75 OK
r-release-windows-ix86+x86_64 0.2.4 217.00 748.00 965.00 OK
r-release-osx-x86_64 0.2.4 ERROR
r-oldrel-windows-ix86+x86_64 0.2.4 187.00 735.00 922.00 OK
r-oldrel-osx-x86_64 0.2.4 OK

Check Details

Version: 0.2.4
Check: installed package size
Result: NOTE
     installed size is 5.0Mb
     sub-directories of 1Mb or more:
     libs 3.6Mb
Flavor: r-devel-linux-x86_64-fedora-clang

Version: 0.2.4
Check: tests
Result: ERROR
     Running ‘testthat.R’ [180s/389s]
    Running the tests in ‘tests/testthat.R’ failed.
    Last 13 lines of output:
     > test_check("RStoolbox")
     ── 1. Error: rescales to proper limits (@test-rescaleImage.R#9) ───────────────
     not all objects have the same values
     1: expect_true(compareRaster(lsat, lsat2r, values = TRUE)) at testthat/test-rescaleImage.R:9
     2: quasi_label(enquo(object), label)
     3: eval_bare(get_expr(quo), get_env(quo))
     4: compareRaster(lsat, lsat2r, values = TRUE)
     5: stop("not all objects have the same values")
    
     ══ testthat results ═══════════════════════════════════════════════════════════
     OK: 800 SKIPPED: 10 FAILED: 1
     1. Error: rescales to proper limits (@test-rescaleImage.R#9)
    
     Error: testthat unit tests failed
     Execution halted
Flavor: r-release-osx-x86_64