CRAN Package Check Results for Package Rbgs

Last updated on 2019-06-18 01:48:50 CEST.

Flavor Version Tinstall Tcheck Ttotal Status Flags
r-devel-linux-x86_64-debian-clang 0.2 3.48 33.33 36.81 OK
r-devel-linux-x86_64-debian-gcc 0.2 2.32 26.62 28.94 OK
r-devel-linux-x86_64-fedora-clang 0.2 43.63 OK
r-devel-linux-x86_64-fedora-gcc 0.2 42.65 OK
r-devel-windows-ix86+x86_64 0.2 10.00 50.00 60.00 OK
r-patched-linux-x86_64 0.2 3.34 33.48 36.82 OK
r-patched-solaris-x86 0.2 65.70 OK
r-release-linux-x86_64 0.2 3.14 33.65 36.79 OK
r-release-windows-ix86+x86_64 0.2 8.00 63.00 71.00 OK
r-release-osx-x86_64 0.2 FAIL
r-oldrel-windows-ix86+x86_64 0.2 4.00 62.00 66.00 OK
r-oldrel-osx-x86_64 0.2 OK

Check Details

Version: 0.2
Check: dependencies in R code
Result: FAIL
    
Flavor: r-release-osx-x86_64