Last updated on 2019-06-18 01:48:50 CEST.
Flavor | Version | Tinstall | Tcheck | Ttotal | Status | Flags |
---|---|---|---|---|---|---|
r-devel-linux-x86_64-debian-clang | 1.2.1 | 1.60 | 18.80 | 20.40 | NOTE | |
r-devel-linux-x86_64-debian-gcc | 1.2.1 | 1.26 | 15.48 | 16.74 | NOTE | |
r-devel-linux-x86_64-fedora-clang | 1.2.1 | 25.38 | NOTE | |||
r-devel-linux-x86_64-fedora-gcc | 1.2.1 | 24.38 | NOTE | |||
r-devel-windows-ix86+x86_64 | 1.2.1 | 8.00 | 50.00 | 58.00 | NOTE | |
r-patched-linux-x86_64 | 1.2.1 | 1.55 | 19.03 | 20.58 | NOTE | |
r-patched-solaris-x86 | 1.2.1 | 40.40 | NOTE | |||
r-release-linux-x86_64 | 1.2.1 | 1.56 | 18.92 | 20.48 | NOTE | |
r-release-windows-ix86+x86_64 | 1.2.1 | 5.00 | 43.00 | 48.00 | NOTE | |
r-release-osx-x86_64 | 1.2.1 | NOTE | ||||
r-oldrel-windows-ix86+x86_64 | 1.2.1 | 3.00 | 47.00 | 50.00 | OK | |
r-oldrel-osx-x86_64 | 1.2.1 | OK |
Version: 1.2.1
Check: line endings in C/C++/Fortran sources/headers
Result: NOTE
Found the following sources/headers not terminated with a newline:
inst/include/cereal/types/memory.hpp
Some compilers warn on such files.
Flavors: r-devel-linux-x86_64-debian-clang, r-devel-linux-x86_64-debian-gcc, r-devel-linux-x86_64-fedora-clang, r-devel-linux-x86_64-fedora-gcc, r-devel-windows-ix86+x86_64, r-patched-linux-x86_64, r-patched-solaris-x86, r-release-linux-x86_64, r-release-windows-ix86+x86_64, r-release-osx-x86_64