Last updated on 2019-06-18 01:48:50 CEST.
Flavor | Version | Tinstall | Tcheck | Ttotal | Status | Flags |
---|---|---|---|---|---|---|
r-devel-linux-x86_64-debian-clang | 0.3.3.5.0 | 72.41 | 353.09 | 425.50 | OK | |
r-devel-linux-x86_64-debian-gcc | 0.3.3.5.0 | 64.10 | 258.57 | 322.67 | OK | |
r-devel-linux-x86_64-fedora-clang | 0.3.3.5.0 | 545.34 | NOTE | |||
r-devel-linux-x86_64-fedora-gcc | 0.3.3.5.0 | 495.17 | OK | |||
r-devel-windows-ix86+x86_64 | 0.3.3.5.0 | 168.00 | 576.00 | 744.00 | NOTE | |
r-patched-linux-x86_64 | 0.3.3.5.0 | 75.08 | 339.91 | 414.99 | OK | |
r-patched-solaris-x86 | 0.3.3.5.0 | 488.80 | NOTE | |||
r-release-linux-x86_64 | 0.3.3.5.0 | 75.73 | 339.30 | 415.03 | OK | |
r-release-windows-ix86+x86_64 | 0.3.3.5.0 | 127.00 | 729.00 | 856.00 | NOTE | |
r-release-osx-x86_64 | 0.3.3.5.0 | NOTE | ||||
r-oldrel-windows-ix86+x86_64 | 0.3.3.5.0 | 109.00 | 747.00 | 856.00 | NOTE | |
r-oldrel-osx-x86_64 | 0.3.3.5.0 | NOTE |
Version: 0.3.3.5.0
Check: installed package size
Result: NOTE
installed size is 32.1Mb
sub-directories of 1Mb or more:
include 7.9Mb
libs 23.5Mb
Flavors: r-devel-linux-x86_64-fedora-clang, r-devel-windows-ix86+x86_64, r-patched-solaris-x86, r-release-windows-ix86+x86_64, r-release-osx-x86_64, r-oldrel-windows-ix86+x86_64, r-oldrel-osx-x86_64