Last updated on 2019-06-18 01:48:50 CEST.
Flavor | Version | Tinstall | Tcheck | Ttotal | Status | Flags |
---|---|---|---|---|---|---|
r-devel-linux-x86_64-debian-clang | 0.4.2 | 146.81 | 285.70 | 432.51 | OK | |
r-devel-linux-x86_64-debian-gcc | 0.4.2 | 115.35 | 218.64 | 333.99 | OK | |
r-devel-linux-x86_64-fedora-clang | 0.4.2 | 576.41 | NOTE | |||
r-devel-linux-x86_64-fedora-gcc | 0.4.2 | 537.29 | OK | |||
r-devel-windows-ix86+x86_64 | 0.4.2 | 362.00 | 536.00 | 898.00 | OK | |
r-patched-linux-x86_64 | 0.4.2 | 132.81 | 284.56 | 417.37 | OK | |
r-patched-solaris-x86 | 0.4.2 | 699.20 | OK | |||
r-release-linux-x86_64 | 0.4.2 | 129.26 | 285.77 | 415.03 | OK | |
r-release-windows-ix86+x86_64 | 0.4.2 | 279.00 | 440.00 | 719.00 | OK | |
r-release-osx-x86_64 | 0.4.2 | NOTE | ||||
r-oldrel-windows-ix86+x86_64 | 0.4.2 | 242.00 | 256.00 | 498.00 | OK | |
r-oldrel-osx-x86_64 | 0.4.2 | NOTE |
Version: 0.4.2
Check: installed package size
Result: NOTE
installed size is 13.1Mb
sub-directories of 1Mb or more:
libs 11.7Mb
Flavors: r-devel-linux-x86_64-fedora-clang, r-release-osx-x86_64, r-oldrel-osx-x86_64