Last updated on 2019-06-18 01:48:52 CEST.
Flavor | Version | Tinstall | Tcheck | Ttotal | Status | Flags |
---|---|---|---|---|---|---|
r-devel-linux-x86_64-debian-clang | 0.4.2 | 12.96 | 89.92 | 102.88 | OK | |
r-devel-linux-x86_64-debian-gcc | 0.4.2 | 11.49 | 71.25 | 82.74 | OK | |
r-devel-linux-x86_64-fedora-clang | 0.4.2 | 129.20 | NOTE | |||
r-devel-linux-x86_64-fedora-gcc | 0.4.2 | 123.86 | NOTE | |||
r-devel-windows-ix86+x86_64 | 0.4.2 | 42.00 | 196.00 | 238.00 | OK | |
r-patched-linux-x86_64 | 0.4.2 | 13.17 | 89.94 | 103.11 | OK | |
r-patched-solaris-x86 | 0.4.2 | 190.30 | NOTE | |||
r-release-linux-x86_64 | 0.4.2 | 12.61 | 89.69 | 102.30 | OK | |
r-release-windows-ix86+x86_64 | 0.4.2 | 31.00 | 128.00 | 159.00 | OK | |
r-release-osx-x86_64 | 0.4.2 | WARN | ||||
r-oldrel-windows-ix86+x86_64 | 0.4.2 | 24.00 | 180.00 | 204.00 | OK | |
r-oldrel-osx-x86_64 | 0.4.2 | NOTE |
Version: 0.4.2
Check: dependencies in R code
Result: NOTE
Namespaces in Imports field not imported from:
‘dplyr’ ‘testthat’
All declared Imports should be used.
Flavors: r-devel-linux-x86_64-fedora-clang, r-devel-linux-x86_64-fedora-gcc, r-patched-solaris-x86, r-release-osx-x86_64, r-oldrel-osx-x86_64
Version: 0.4.2
Check: whether package can be installed
Result: WARN
Found the following significant warnings:
Warning: 'rgl_init' failed, running with rgl.useNULL = TRUE
Flavor: r-release-osx-x86_64