Last updated on 2019-06-18 01:48:53 CEST.
Flavor | Version | Tinstall | Tcheck | Ttotal | Status | Flags |
---|---|---|---|---|---|---|
r-devel-linux-x86_64-debian-clang | 1.2 | 13.55 | 105.14 | 118.69 | OK | |
r-devel-linux-x86_64-debian-gcc | 1.2 | 11.90 | 81.39 | 93.29 | OK | |
r-devel-linux-x86_64-fedora-clang | 1.2 | 143.66 | NOTE | |||
r-devel-linux-x86_64-fedora-gcc | 1.2 | 141.42 | NOTE | |||
r-devel-windows-ix86+x86_64 | 1.2 | 41.00 | 145.00 | 186.00 | OK | |
r-patched-linux-x86_64 | 1.2 | 14.66 | 103.71 | 118.37 | OK | |
r-release-linux-x86_64 | 1.2 | 14.51 | 104.32 | 118.83 | OK | |
r-release-windows-ix86+x86_64 | 1.2 | 26.00 | 115.00 | 141.00 | OK | |
r-release-osx-x86_64 | 1.2 | NOTE | ||||
r-oldrel-windows-ix86+x86_64 | 1.2 | 17.00 | 165.00 | 182.00 | OK | |
r-oldrel-osx-x86_64 | 1.2 | NOTE |
Version: 1.2
Check: dependencies in R code
Result: NOTE
Namespaces in Imports field not imported from:
‘DT’ ‘rmarkdown’
All declared Imports should be used.
Flavors: r-devel-linux-x86_64-fedora-clang, r-devel-linux-x86_64-fedora-gcc, r-release-osx-x86_64, r-oldrel-osx-x86_64