Last updated on 2019-06-18 01:48:53 CEST.
Flavor | Version | Tinstall | Tcheck | Ttotal | Status | Flags |
---|---|---|---|---|---|---|
r-devel-linux-x86_64-debian-clang | 0.18 | 505.86 | 39.23 | 545.09 | NOTE | |
r-devel-linux-x86_64-debian-gcc | 0.18 | 419.54 | 34.04 | 453.58 | NOTE | |
r-devel-linux-x86_64-fedora-clang | 0.18 | 887.41 | NOTE | |||
r-devel-linux-x86_64-fedora-gcc | 0.18 | 792.90 | NOTE | |||
r-devel-windows-ix86+x86_64 | 0.18 | 1355.00 | 117.00 | 1472.00 | NOTE | |
r-patched-linux-x86_64 | 0.18 | 497.43 | 42.10 | 539.53 | NOTE | |
r-patched-solaris-x86 | 0.18 | 737.40 | NOTE | |||
r-release-linux-x86_64 | 0.18 | 499.35 | 41.91 | 541.26 | NOTE | |
r-release-windows-ix86+x86_64 | 0.18 | 1069.00 | 138.00 | 1207.00 | NOTE | |
r-release-osx-x86_64 | 0.18 | NOTE | ||||
r-oldrel-windows-ix86+x86_64 | 0.18 | 993.00 | 135.00 | 1128.00 | NOTE | |
r-oldrel-osx-x86_64 | 0.18 | NOTE |
Version: 0.18
Check: line endings in C/C++/Fortran sources/headers
Result: NOTE
Found the following sources/headers with CR or CRLF line endings:
src/vcglib/wrap/nanoply/include/nanoplyWrapper.hpp
Some Unix compilers require LF line endings.
Flavors: r-devel-linux-x86_64-debian-clang, r-devel-linux-x86_64-debian-gcc, r-devel-linux-x86_64-fedora-clang, r-devel-linux-x86_64-fedora-gcc, r-devel-windows-ix86+x86_64, r-patched-linux-x86_64, r-patched-solaris-x86, r-release-linux-x86_64, r-release-windows-ix86+x86_64, r-release-osx-x86_64
Version: 0.18
Check: for non-standard things in the check directory
Result: NOTE
Found the following files/directories:
'humface.obj' 'humface.off' 'humface.ply' 'humface.stl' 'humface.wrl'
Flavors: r-devel-linux-x86_64-debian-clang, r-devel-linux-x86_64-debian-gcc, r-devel-linux-x86_64-fedora-clang, r-devel-linux-x86_64-fedora-gcc
Version: 0.18
Check: installed package size
Result: NOTE
installed size is 38.0Mb
sub-directories of 1Mb or more:
libs 37.3Mb
Flavors: r-devel-linux-x86_64-fedora-clang, r-devel-windows-ix86+x86_64, r-release-windows-ix86+x86_64, r-release-osx-x86_64, r-oldrel-windows-ix86+x86_64, r-oldrel-osx-x86_64