Last updated on 2019-06-18 01:48:54 CEST.
Flavor | Version | Tinstall | Tcheck | Ttotal | Status | Flags |
---|---|---|---|---|---|---|
r-devel-linux-x86_64-debian-clang | 0.0.1 | 46.60 | 77.05 | 123.65 | OK | |
r-devel-linux-x86_64-debian-gcc | 0.0.1 | 43.22 | 62.80 | 106.02 | OK | |
r-devel-linux-x86_64-fedora-clang | 0.0.1 | 167.76 | NOTE | |||
r-devel-linux-x86_64-fedora-gcc | 0.0.1 | 160.53 | OK | |||
r-devel-windows-ix86+x86_64 | 0.0.1 | 115.00 | 198.00 | 313.00 | OK | |
r-patched-linux-x86_64 | 0.0.1 | 53.39 | 76.66 | 130.05 | OK | |
r-patched-solaris-x86 | 0.0.1 | 217.40 | OK | |||
r-release-linux-x86_64 | 0.0.1 | 47.88 | 76.45 | 124.33 | OK | |
r-release-windows-ix86+x86_64 | 0.0.1 | 83.00 | 148.00 | 231.00 | OK | |
r-release-osx-x86_64 | 0.0.1 | NOTE | ||||
r-oldrel-windows-ix86+x86_64 | 0.0.1 | 74.00 | 193.00 | 267.00 | OK | |
r-oldrel-osx-x86_64 | 0.0.1 | NOTE |
Version: 0.0.1
Check: installed package size
Result: NOTE
installed size is 16.3Mb
sub-directories of 1Mb or more:
libs 15.9Mb
Flavors: r-devel-linux-x86_64-fedora-clang, r-release-osx-x86_64, r-oldrel-osx-x86_64
Version: 0.0.1
Check: package dependencies
Result: NOTE
Package suggested but not available for checking: ‘BiocStyle’
Flavors: r-release-osx-x86_64, r-oldrel-osx-x86_64